{"id":21,"date":"2024-01-01T20:38:56","date_gmt":"2024-01-01T19:38:56","guid":{"rendered":"https:\/\/somg.fr\/?page_id=21"},"modified":"2024-03-05T15:05:36","modified_gmt":"2024-03-05T14:05:36","slug":"sophrologie","status":"publish","type":"page","link":"https:\/\/somg.fr\/index.php\/sophrologie\/","title":{"rendered":"Sophrologie"},"content":{"rendered":"\n<div class=\"wp-block-cover is-light block-citation\" style=\"min-height:200px;aspect-ratio:unset;\"><span aria-hidden=\"true\" class=\"wp-block-cover__background has-background-dim-10 has-background-dim\"><\/span><img loading=\"lazy\" decoding=\"async\" width=\"1080\" height=\"1080\" class=\"wp-block-cover__image-background wp-image-303\" alt=\"sophrologie, sophrologue\" src=\"https:\/\/somg.fr\/wp-content\/uploads\/2024\/01\/Design-sans-titre-5.png\" style=\"object-position:50% 37%\" data-object-fit=\"cover\" data-object-position=\"50% 37%\" srcset=\"https:\/\/somg.fr\/wp-content\/uploads\/2024\/01\/Design-sans-titre-5.png 1080w, https:\/\/somg.fr\/wp-content\/uploads\/2024\/01\/Design-sans-titre-5-300x300.png 300w, https:\/\/somg.fr\/wp-content\/uploads\/2024\/01\/Design-sans-titre-5-1024x1024.png 1024w, https:\/\/somg.fr\/wp-content\/uploads\/2024\/01\/Design-sans-titre-5-150x150.png 150w, https:\/\/somg.fr\/wp-content\/uploads\/2024\/01\/Design-sans-titre-5-768x768.png 768w\" sizes=\"auto, (max-width: 1080px) 100vw, 1080px\" \/><div class=\"wp-block-cover__inner-container is-layout-constrained wp-block-cover-is-layout-constrained\">\n<p class=\"has-text-align-center citation has-theme-palette-3-color has-text-color has-link-color has-medium-font-size wp-elements-272573d001ef11b29f24593e21e8bf3c\">&#8220;Chaque rencontre est une vivance et toutes les vivances englobent l&#8217;existence&#8221;<\/p>\n\n\n\n<p class=\"auteur has-theme-palette-1-color has-text-color has-link-color has-medium-font-size wp-elements-9892829ede179ece5d3626982b09d496\">Auteur inconnu<\/p>\n<\/div><\/div>\n\n\n\n<h1 class=\"wp-block-heading has-text-align-left\">Qu&#8217;est-ce que la sophrologie ?<\/h1>\n\n\n\n<p class=\"has-text-align-left\">Le <strong>Neuropsychiatre <\/strong>colombien <strong>Alfonso Caycedo<\/strong> a d\u00e9velopp\u00e9 la <strong>sophrologie<\/strong>, en <strong>1960<\/strong>, en se posant la question &#8220;Le traitement des maladies n\u00e9cessite-t-il de modifier ou d&#8217;alt\u00e9rer la conscience?&#8221;<\/p>\n\n\n\n<p class=\"has-text-align-left\">C&#8217;est une discipline qui combine des techniques de <strong>relaxation dynamique<\/strong>, de <strong>respiration<\/strong>, de <strong>mouvements doux<\/strong> et de <strong>visualisation<\/strong>.\n<br>\n\nLa sophrologie repose sur des exercices simples et <strong>accessibles \u00e0 tous<\/strong>. \n<br>\nElle s&#8217;appuie sur la respiration contr\u00f4l\u00e9e, la d\u00e9tente musculaire et la visualisation positive pour favoriser la <strong>relaxation<\/strong> <strong>physique et mentale<\/strong>.\n<br>\nLa sophrologie peut \u00eatre pratiqu\u00e9e individuellement ou en groupe.<\/p>\n\n\n\n<p class=\"has-text-align-left\">La sophrologie encourage le <strong>d\u00e9veloppement de ces capacit\u00e9s personnelles<\/strong>, de la <strong>confiance en soi<\/strong> et de la <strong>concentration<\/strong>, au travers de la prise de <strong>conscience de soi.<\/strong>\n<br>\nElle vous accompagne dans votre <strong>globalit\u00e9<\/strong> et <strong>individualit\u00e9<\/strong>, au travers de <strong>protocoles sp\u00e9cifiques<\/strong> \u00e0 chacun .<\/p>\n\n\n\n<p class=\"has-text-align-left\">La sophrologie propose des <strong>outils concrets<\/strong> pour encourage l&#8217;<strong>autonomie<\/strong> et l&#8217;<strong>auto-responsabilisation<\/strong>, invitant chacun \u00e0 devenir acteur de son propre <strong>mieux-\u00eatre<\/strong>.\n<br>\nLa sophrologie se pratique debout ou assis,<strong> sans aucun<\/strong> <strong>contact physique<\/strong>.\n<br>\nElle vous accompagne afin de renforcer vos <strong>ressources internes<\/strong> et prendre conscience de votre potentiel, pour faire face aux d\u00e9fis de la vie quotidienne.<\/p>\n\n\n\n<h1 class=\"wp-block-heading has-text-align-left\">D\u00e9roulement d&#8217;une s\u00e9ance de sophrologie<\/h1>\n\n\n\n<ul class=\"list wp-block-list\">\n<li class=\"star-purple\">La s\u00e9ance commence par un&nbsp;<strong>temps d\u2019\u00e9coute<\/strong>, o\u00f9 vous exposez votre objectif, votre \u00e9tat d\u2019esprit,<\/li>\n\n\n\n<li class=\"star-purple\">Vient le moment de&nbsp;<strong>la pratique<\/strong>&nbsp;(debout et\/ou assis),<\/li>\n\n\n\n<li class=\"star-purple\">Puis c\u2019est le temps de la<strong>&nbsp;description \u00e9crite et\/ou dessin\u00e9<\/strong>&nbsp;de vos ressentis de s\u00e9ance, dans un&nbsp;<strong>carnet<\/strong>&nbsp;qui vous est strictement personnel.,<\/li>\n\n\n\n<li class=\"star-purple\">Nous finissons enfin par un nouveau&nbsp;<strong>temps d\u2019\u00e9change<\/strong>.<\/li>\n<\/ul>\n\n\n<style>.kadence-column21_adf9a7-ba > .kt-inside-inner-col{display:flex;}.kadence-column21_adf9a7-ba > .kt-inside-inner-col,.kadence-column21_adf9a7-ba > .kt-inside-inner-col:before{border-top-left-radius:0px;border-top-right-radius:0px;border-bottom-right-radius:0px;border-bottom-left-radius:0px;}.kadence-column21_adf9a7-ba > .kt-inside-inner-col{column-gap:var(--global-kb-gap-sm, 1rem);}.kadence-column21_adf9a7-ba > .kt-inside-inner-col{flex-direction:column;align-items:center;}.kadence-column21_adf9a7-ba > .kt-inside-inner-col > .kb-image-is-ratio-size{align-self:stretch;}.kadence-column21_adf9a7-ba > .kt-inside-inner-col > .wp-block-kadence-advancedgallery{align-self:stretch;}.kadence-column21_adf9a7-ba > .kt-inside-inner-col > .aligncenter{width:100%;}.kadence-column21_adf9a7-ba > .kt-inside-inner-col:before{opacity:0.3;}.kadence-column21_adf9a7-ba{position:relative;}@media all and (max-width: 1024px){.kadence-column21_adf9a7-ba > .kt-inside-inner-col{flex-direction:column;justify-content:center;align-items:center;}}@media all and (max-width: 767px){.kadence-column21_adf9a7-ba > .kt-inside-inner-col{flex-direction:column;justify-content:center;align-items:center;}}<\/style>\n<div class=\"wp-block-kadence-column kadence-column21_adf9a7-ba important-info\"><div class=\"kt-inside-inner-col\">\n<p class=\"has-text-align-center has-theme-palette-2-color has-text-color has-link-color has-medium-font-size wp-elements-e89b9b10ecc351750d63f22eeca8349b\"><strong>Il n\u2019y a aucun contact physique lors des s\u00e9ances !<\/strong><br> <\/p>\n\n\n\n<p>Chaque s\u00e9ance s\u2019effectue dans le strict respect de :<\/p>\n\n\n\n<ul class=\"list wp-block-list\">\n<li class=\"star-gold\">la&nbsp;<strong>confidentialit\u00e9<\/strong>,<\/li>\n\n\n\n<li class=\"star-gold\">avec&nbsp;<strong>bienveillance<\/strong>,<\/li>\n\n\n\n<li class=\"star-gold\"><strong>sans jugement<\/strong><\/li>\n<\/ul>\n<\/div><\/div>\n\n\n\n<div class=\"wp-block-columns are-vertically-aligned-center is-layout-flex wp-container-core-columns-is-layout-9d6595d7 wp-block-columns-is-layout-flex\">\n<div class=\"wp-block-buttons is-content-justification-center is-layout-flex wp-container-core-buttons-is-layout-16018d1d wp-block-buttons-is-layout-flex\">\n<div class=\"wp-block-button\"><a class=\"wp-block-button__link wp-element-button\" href=\"https:\/\/somg.fr\/index.php\/contact\/\">ME CONTACTer<\/a><\/div>\n<\/div>\n<\/div>\n","protected":false},"excerpt":{"rendered":"<p>Qu&#8217;est-ce que la sophrologie ? Le Neuropsychiatre colombien Alfonso Caycedo a d\u00e9velopp\u00e9 la sophrologie, en 1960, en se posant la question &#8220;Le traitement des maladies n\u00e9cessite-t-il de modifier ou d&#8217;alt\u00e9rer la conscience?&#8221; C&#8217;est une discipline qui combine des techniques de relaxation dynamique, de respiration, de mouvements doux et de visualisation. La sophrologie repose sur des&#8230;<\/p>\n","protected":false},"author":1,"featured_media":0,"parent":0,"menu_order":0,"comment_status":"closed","ping_status":"closed","template":"","meta":{"_kad_post_transparent":"","_kad_post_title":"hide","_kad_post_layout":"","_kad_post_sidebar_id":"","_kad_post_content_style":"","_kad_post_vertical_padding":"","_kad_post_feature":"","_kad_post_feature_position":"","_kad_post_header":false,"_kad_post_footer":false,"footnotes":""},"class_list":["post-21","page","type-page","status-publish","hentry"],"yoast_head":"<!-- This site is optimized with the Yoast SEO plugin v27.4 - https:\/\/yoast.com\/product\/yoast-seo-wordpress\/ -->\n<title>Sophrologie - Maria Guillaumot<\/title>\n<meta name=\"description\" content=\"Trouvez des solutions \u00e0 vos probl\u00e8me de tous les jours gr\u00e2ce \u00e0 des exercices de sophrologie simples et accessibles \u00e0 tous.\" \/>\n<meta name=\"robots\" content=\"index, follow, max-snippet:-1, max-image-preview:large, max-video-preview:-1\" \/>\n<link rel=\"canonical\" href=\"https:\/\/somg.fr\/index.php\/sophrologie\/\" \/>\n<meta property=\"og:locale\" content=\"en_US\" \/>\n<meta property=\"og:type\" content=\"article\" \/>\n<meta property=\"og:title\" content=\"Sophrologie - Maria Guillaumot\" \/>\n<meta property=\"og:description\" content=\"Trouvez des solutions \u00e0 vos probl\u00e8me de tous les jours gr\u00e2ce \u00e0 des exercices de sophrologie simples et accessibles \u00e0 tous.\" \/>\n<meta property=\"og:url\" content=\"https:\/\/somg.fr\/index.php\/sophrologie\/\" \/>\n<meta property=\"og:site_name\" content=\"Maria Guillaumot\" \/>\n<meta property=\"article:publisher\" content=\"https:\/\/www.facebook.com\/profile.php?id=61556253637696\" \/>\n<meta property=\"article:modified_time\" content=\"2024-03-05T14:05:36+00:00\" \/>\n<meta property=\"og:image\" content=\"https:\/\/somg.fr\/wp-content\/uploads\/2024\/01\/Design-sans-titre-5.png\" \/>\n<meta name=\"twitter:card\" content=\"summary_large_image\" \/>\n<meta name=\"twitter:label1\" content=\"Est. reading time\" \/>\n\t<meta name=\"twitter:data1\" content=\"2 minutes\" \/>\n<script type=\"application\/ld+json\" class=\"yoast-schema-graph\">{\"@context\":\"https:\\\/\\\/schema.org\",\"@graph\":[{\"@type\":\"WebPage\",\"@id\":\"https:\\\/\\\/somg.fr\\\/index.php\\\/sophrologie\\\/\",\"url\":\"https:\\\/\\\/somg.fr\\\/index.php\\\/sophrologie\\\/\",\"name\":\"Sophrologie - Maria Guillaumot\",\"isPartOf\":{\"@id\":\"https:\\\/\\\/somg.fr\\\/#website\"},\"primaryImageOfPage\":{\"@id\":\"https:\\\/\\\/somg.fr\\\/index.php\\\/sophrologie\\\/#primaryimage\"},\"image\":{\"@id\":\"https:\\\/\\\/somg.fr\\\/index.php\\\/sophrologie\\\/#primaryimage\"},\"thumbnailUrl\":\"https:\\\/\\\/somg.fr\\\/wp-content\\\/uploads\\\/2024\\\/01\\\/Design-sans-titre-5.png\",\"datePublished\":\"2024-01-01T19:38:56+00:00\",\"dateModified\":\"2024-03-05T14:05:36+00:00\",\"description\":\"Trouvez des solutions \u00e0 vos probl\u00e8me de tous les jours gr\u00e2ce \u00e0 des exercices de sophrologie simples et accessibles \u00e0 tous.\",\"breadcrumb\":{\"@id\":\"https:\\\/\\\/somg.fr\\\/index.php\\\/sophrologie\\\/#breadcrumb\"},\"inLanguage\":\"en-US\",\"potentialAction\":[{\"@type\":\"ReadAction\",\"target\":[\"https:\\\/\\\/somg.fr\\\/index.php\\\/sophrologie\\\/\"]}]},{\"@type\":\"ImageObject\",\"inLanguage\":\"en-US\",\"@id\":\"https:\\\/\\\/somg.fr\\\/index.php\\\/sophrologie\\\/#primaryimage\",\"url\":\"https:\\\/\\\/somg.fr\\\/wp-content\\\/uploads\\\/2024\\\/01\\\/Design-sans-titre-5.png\",\"contentUrl\":\"https:\\\/\\\/somg.fr\\\/wp-content\\\/uploads\\\/2024\\\/01\\\/Design-sans-titre-5.png\",\"width\":1080,\"height\":1080},{\"@type\":\"BreadcrumbList\",\"@id\":\"https:\\\/\\\/somg.fr\\\/index.php\\\/sophrologie\\\/#breadcrumb\",\"itemListElement\":[{\"@type\":\"ListItem\",\"position\":1,\"name\":\"Accueil\",\"item\":\"https:\\\/\\\/somg.fr\\\/\"},{\"@type\":\"ListItem\",\"position\":2,\"name\":\"Sophrologie\"}]},{\"@type\":\"WebSite\",\"@id\":\"https:\\\/\\\/somg.fr\\\/#website\",\"url\":\"https:\\\/\\\/somg.fr\\\/\",\"name\":\"So MG\",\"description\":\"Sophrologue \",\"publisher\":{\"@id\":\"https:\\\/\\\/somg.fr\\\/#organization\"},\"alternateName\":\"Sophrologue Maria Guillaumot\",\"potentialAction\":[{\"@type\":\"SearchAction\",\"target\":{\"@type\":\"EntryPoint\",\"urlTemplate\":\"https:\\\/\\\/somg.fr\\\/?s={search_term_string}\"},\"query-input\":{\"@type\":\"PropertyValueSpecification\",\"valueRequired\":true,\"valueName\":\"search_term_string\"}}],\"inLanguage\":\"en-US\"},{\"@type\":\"Organization\",\"@id\":\"https:\\\/\\\/somg.fr\\\/#organization\",\"name\":\"So MG - Maria Guillaumot\",\"url\":\"https:\\\/\\\/somg.fr\\\/\",\"logo\":{\"@type\":\"ImageObject\",\"inLanguage\":\"en-US\",\"@id\":\"https:\\\/\\\/somg.fr\\\/#\\\/schema\\\/logo\\\/image\\\/\",\"url\":\"https:\\\/\\\/somg.fr\\\/wp-content\\\/uploads\\\/2024\\\/02\\\/logo-somg-test-5.png\",\"contentUrl\":\"https:\\\/\\\/somg.fr\\\/wp-content\\\/uploads\\\/2024\\\/02\\\/logo-somg-test-5.png\",\"width\":400,\"height\":400,\"caption\":\"So MG - Maria Guillaumot\"},\"image\":{\"@id\":\"https:\\\/\\\/somg.fr\\\/#\\\/schema\\\/logo\\\/image\\\/\"},\"sameAs\":[\"https:\\\/\\\/www.facebook.com\\\/profile.php?id=61556253637696\"]}]}<\/script>\n<!-- \/ Yoast SEO plugin. -->","yoast_head_json":{"title":"Sophrologie - Maria Guillaumot","description":"Trouvez des solutions \u00e0 vos probl\u00e8me de tous les jours gr\u00e2ce \u00e0 des exercices de sophrologie simples et accessibles \u00e0 tous.","robots":{"index":"index","follow":"follow","max-snippet":"max-snippet:-1","max-image-preview":"max-image-preview:large","max-video-preview":"max-video-preview:-1"},"canonical":"https:\/\/somg.fr\/index.php\/sophrologie\/","og_locale":"en_US","og_type":"article","og_title":"Sophrologie - Maria Guillaumot","og_description":"Trouvez des solutions \u00e0 vos probl\u00e8me de tous les jours gr\u00e2ce \u00e0 des exercices de sophrologie simples et accessibles \u00e0 tous.","og_url":"https:\/\/somg.fr\/index.php\/sophrologie\/","og_site_name":"Maria Guillaumot","article_publisher":"https:\/\/www.facebook.com\/profile.php?id=61556253637696","article_modified_time":"2024-03-05T14:05:36+00:00","og_image":[{"url":"https:\/\/somg.fr\/wp-content\/uploads\/2024\/01\/Design-sans-titre-5.png","type":"","width":"","height":""}],"twitter_card":"summary_large_image","twitter_misc":{"Est. reading time":"2 minutes"},"schema":{"@context":"https:\/\/schema.org","@graph":[{"@type":"WebPage","@id":"https:\/\/somg.fr\/index.php\/sophrologie\/","url":"https:\/\/somg.fr\/index.php\/sophrologie\/","name":"Sophrologie - Maria Guillaumot","isPartOf":{"@id":"https:\/\/somg.fr\/#website"},"primaryImageOfPage":{"@id":"https:\/\/somg.fr\/index.php\/sophrologie\/#primaryimage"},"image":{"@id":"https:\/\/somg.fr\/index.php\/sophrologie\/#primaryimage"},"thumbnailUrl":"https:\/\/somg.fr\/wp-content\/uploads\/2024\/01\/Design-sans-titre-5.png","datePublished":"2024-01-01T19:38:56+00:00","dateModified":"2024-03-05T14:05:36+00:00","description":"Trouvez des solutions \u00e0 vos probl\u00e8me de tous les jours gr\u00e2ce \u00e0 des exercices de sophrologie simples et accessibles \u00e0 tous.","breadcrumb":{"@id":"https:\/\/somg.fr\/index.php\/sophrologie\/#breadcrumb"},"inLanguage":"en-US","potentialAction":[{"@type":"ReadAction","target":["https:\/\/somg.fr\/index.php\/sophrologie\/"]}]},{"@type":"ImageObject","inLanguage":"en-US","@id":"https:\/\/somg.fr\/index.php\/sophrologie\/#primaryimage","url":"https:\/\/somg.fr\/wp-content\/uploads\/2024\/01\/Design-sans-titre-5.png","contentUrl":"https:\/\/somg.fr\/wp-content\/uploads\/2024\/01\/Design-sans-titre-5.png","width":1080,"height":1080},{"@type":"BreadcrumbList","@id":"https:\/\/somg.fr\/index.php\/sophrologie\/#breadcrumb","itemListElement":[{"@type":"ListItem","position":1,"name":"Accueil","item":"https:\/\/somg.fr\/"},{"@type":"ListItem","position":2,"name":"Sophrologie"}]},{"@type":"WebSite","@id":"https:\/\/somg.fr\/#website","url":"https:\/\/somg.fr\/","name":"So MG","description":"Sophrologue ","publisher":{"@id":"https:\/\/somg.fr\/#organization"},"alternateName":"Sophrologue Maria Guillaumot","potentialAction":[{"@type":"SearchAction","target":{"@type":"EntryPoint","urlTemplate":"https:\/\/somg.fr\/?s={search_term_string}"},"query-input":{"@type":"PropertyValueSpecification","valueRequired":true,"valueName":"search_term_string"}}],"inLanguage":"en-US"},{"@type":"Organization","@id":"https:\/\/somg.fr\/#organization","name":"So MG - Maria Guillaumot","url":"https:\/\/somg.fr\/","logo":{"@type":"ImageObject","inLanguage":"en-US","@id":"https:\/\/somg.fr\/#\/schema\/logo\/image\/","url":"https:\/\/somg.fr\/wp-content\/uploads\/2024\/02\/logo-somg-test-5.png","contentUrl":"https:\/\/somg.fr\/wp-content\/uploads\/2024\/02\/logo-somg-test-5.png","width":400,"height":400,"caption":"So MG - Maria Guillaumot"},"image":{"@id":"https:\/\/somg.fr\/#\/schema\/logo\/image\/"},"sameAs":["https:\/\/www.facebook.com\/profile.php?id=61556253637696"]}]}},"_links":{"self":[{"href":"https:\/\/somg.fr\/index.php\/wp-json\/wp\/v2\/pages\/21","targetHints":{"allow":["GET"]}}],"collection":[{"href":"https:\/\/somg.fr\/index.php\/wp-json\/wp\/v2\/pages"}],"about":[{"href":"https:\/\/somg.fr\/index.php\/wp-json\/wp\/v2\/types\/page"}],"author":[{"embeddable":true,"href":"https:\/\/somg.fr\/index.php\/wp-json\/wp\/v2\/users\/1"}],"replies":[{"embeddable":true,"href":"https:\/\/somg.fr\/index.php\/wp-json\/wp\/v2\/comments?post=21"}],"version-history":[{"count":63,"href":"https:\/\/somg.fr\/index.php\/wp-json\/wp\/v2\/pages\/21\/revisions"}],"predecessor-version":[{"id":1271,"href":"https:\/\/somg.fr\/index.php\/wp-json\/wp\/v2\/pages\/21\/revisions\/1271"}],"wp:attachment":[{"href":"https:\/\/somg.fr\/index.php\/wp-json\/wp\/v2\/media?parent=21"}],"curies":[{"name":"wp","href":"https:\/\/api.w.org\/{rel}","templated":true}]}}